ppose 0 = 7*z - 236 + 68. Calculate the remainder when 69 is divided by z.
21
Suppose -3*b + 9*b - 36 = 0. Calculate the remainder when b is divided by 4.
2
Let v be (4 - -9)*2/2. Let o = v - 0. Suppose -89 = -3*y - 17. Calculate the remainder when y is divided by o.
11
Let k(b) = -b**2 - 8*b + 1. Suppose 0*y - 3*y + 72 = 0. Calculate the remainder when y is divided by k(-6).
11
Let h = -1 + 1. Suppose h = -o - 22 + 67. Suppose -2*q - 6*d = -3*d - 33, -d - o = -2*q. What is the remainder when 41 is divided by q?
20
Suppose -2*y - 2 = 2, -3*y = 4*h + 166. Let a be h/(-12) - 2/6. Let x = a - 2. What is the remainder when 2 is divided by x?
0
Suppose 0 = 2*i - 6*i + 56. Let a be 4/i + 5/7. Suppose 0 = 4*h, t + 5*h + a = 5. Calculate the remainder when t is divided by 3.
1
Suppose 4*r = -t + 15, -4*t - 40 = -5*r + 5. Let y be 2/5 - (-118)/r. Suppose -4*h = -24 - y. What is the remainder when 33 is divided by h?
9
Let n = 9 - -7. What is the remainder when 94 is divided by n?
14
Suppose -2*l = -2*v - 39 + 3, 3*l = 5*v + 44. Suppose -4*u = -3*q - 39, 5*u - 66 = -0*q - 2*q. What is the remainder when l is divided by u?
11
Let y(w) be the second derivative of w**5/20 + w**4/2 - 5*w**3/6 + w**2/2 - w. Let i be y(-7). What is the remainder when (i*3)/((-3)/2) is divided by 14?
12
Let n(w) = w - 4. Suppose -2*y - 24 = 2*y. Let c = -5 - y. Calculate the remainder when n(6) is divided by c.
0
Let a be 8/(3/((-9)/(-6))). Calculate the remainder when (-2)/a*(-102 + -4) is divided by 14.
11
Let g(v) = -33*v**3 - v**2 - 2*v - 2. Let w(z) = 4*z**2 - 3*z + 1. What is the remainder when g(-1) is divided by w(2)?
10
Suppose 45 = 2*g - 3*b, 0 = 5*g - 7*b + 4*b - 90. Let f(l) = -2*l**3 - 2*l - 3. What is the remainder when f(-3) is divided by g?
12
Suppose -1 - 3 = -y. Calculate the remainder when y is divided by 3.
1
Let u(w) = -w**3 + 7*w**2 + 10*w - 5. Let k be u(7). Suppose 2*f - 7*f = -k. What is the remainder when 38 is divided by f?
12
Let l(v) = v**2 - v + 1. Let n be l(3). Suppose 0*w = -w + n. What is the remainder when w is divided by 3?
1
Suppose -111 = -3*p - p + r, -141 = -5*p - r. Let o = -17 + p. Calculate the remainder when 42 is divided by o.
9
Let w be 1 - (-1 - -27)/(-2). Suppose -o + w - 1 = 0. Suppose -h = 4*h - 250. Calculate the remainder when h is divided by o.
11
Suppose 2*m = 5*m - 24. Calculate the remainder when m is divided by 5.
3
What is the remainder when 15 is divided by (60/(-14))/(-5)*7?
3
Suppose -4*n = 3*l - 2*n - 96, -2*l - n = -63. Suppose 0 = 5*g - 3*f - 21, -5*g - 2*f + 8 = -g. Calculate the remainder when l is divided by g - (-10 + -5 + 2).
14
Let u(l) = 0*l - 2*l**2 - 4 + 0*l**3 - 2*l**3 + l. Let g = 26 + -16. Calculate the remainder when u(-3) is divided by g.
9
Suppose -2*z = z + 24. What is the remainder when 31 is divided by 4 - (-1)/(-1) - z?
9
Suppose -5*i - 31 = -4*z + 171, 3*i + 47 = z. Let a(j) = -j + 7. Calculate the remainder when z is divided by a(-7).
11
Let p(w) = 20*w + 4. Let o be p(-3). Let s = -25 - o. Calculate the remainder when s is divided by 11.
9
Suppose -2*r - 2*q = -26, 0 = -r - 5*q + 2*q + 21. Calculate the remainder when (-8 + -9)/(-1*1) is divided by r.
8
Let o = -24 - -26. Let l(b) = b. Let s be l(-3). What is the remainder when o is divided by s/((18/4)/(-3))?
0
Calculate the remainder when 156/(-9)*(1 + -4) is divided by 18.
16
Let k = 21 + -9. Let a = k + -5. Let j = 36 + -23. Calculate the remainder when j is divided by a.
6
Suppose 4*s = -s. Suppose s = 6*a - 2*a - 8. Calculate the remainder when (-2)/4*(-12 - a) is divided by 4.
3
Suppose -2*x = 4*r - 722, 10*x - 373 = -2*r + 5*x. What is the remainder when r is divided by 12?
11
Suppose -3*v - 43 = -5*g - v, -g + 6 = -3*v. Suppose 3*i - 224 = -f, -4*i - f = -g*i + 376. What is the remainder when i is divided by 26?
23
Let o = -2 - -4. What is the remainder when 5 is divided by 1 + 0 + 1 + o?
1
Let k(d) = -d - 7. Let w be k(-9). Suppose -w*j + 0*j - b = -33, -3*j - 2*b = -48. What is the remainder when j is divided by (-2)/(-8) + (-78)/(-8)?
8
Let d = 127 + -84. Suppose f = -f - 4. Let s(b) = 3*b**2 - b + 1. What is the remainder when d is divided by s(f)?
13
Suppose -k - 48 = -2*k. Let a(u) = -20*u**2 + 1. Let v be a(-1). Let j = v + k. What is the remainder when j is divided by 10?
9
Let i = 29 + 2. Let m = 45 - i. What is the remainder when m is divided by 4?
2
Let i(k) = -k**3 - 11*k**2 - 12*k + 6. Calculate the remainder when 103 is divided by i(-10).
25
Suppose -132 = -4*b - 2*v, 4*v - 1 - 59 = -2*b. Calculate the remainder when b is divided by 6.
4
Suppose 4*j + 3*z = -3, -3*j - 2*j - 30 = -5*z. Suppose -5*l = -9*l + 72. What is the remainder when l is divided by (j - -1)*10/(-4)?
3
Let k = -40 - -57. Let r = -158 - -305. Suppose 0 = -2*f + 5*f - r. What is the remainder when f is divided by k?
15
Let t = -6 + 5. Let z be t/((3/279)/1). Let v = z - -146. What is the remainder when v is divided by 14?
11
Suppose 0*k = -4*k + 16, 2*b + k - 40 = 0. What is the remainder when 33 is divided by b?
15
Let q(b) = 17*b**2 - 2*b + 1. What is the remainder when q(1) is divided by 9?
7
Let m be (-160)/30 + (-2)/(-6). What is the remainder when m/(45/(-6))*21 is divided by 8?
6
Let t(u) = 27*u**3 + 4*u**2 + 1. Let w(c) = 27*c**3 + 5*c**2 + c + 1. Let d(k) = 3*t(k) - 2*w(k). What is the remainder when d(1) is divided by 10?
8
Suppose -4*n = 2*d - 6*d + 96, 4*n = -4*d + 136. What is the remainder when d is divided by (-21)/(-2) + 2/(-4)?
9
Let d(y) = 5*y**2 - 5*y + 2. Let q be d(-5). Suppose 5*j + 2 = q. What is the remainder when j is divided by 11?
8
Let i = 7 - 3. Let x(c) = 3*c**2 + 2*c + 1. Calculate the remainder when i is divided by x(-1).
0
Let q = -15 - -26. Calculate the remainder when 20 is divided by q.
9
Suppose -3*v - l + 46 = 0, 0 = 2*v + l - 2*l - 39. What is the remainder when 26 is divided by v?
9
Let c(o) = -o**3 + 7*o**2 - 6*o - 3. What is the remainder when ((-96)/8)/((-2)/8) is divided by c(5)?
14
Suppose 7*t + 188 = 5*m + 4*t, t + 1 = 0. What is the remainder when m is divided by 20?
17
Let a(s) = 2*s**2 + 6*s + 2. Let d be a(-5). Suppose -3*y = -2*n - 40, 3*n - d = -2*y + 9. What is the remainder when 40 is divided by y?
12
Let r(i) = -88*i**3 + 2*i**2 + 2*i + 1. Calculate the remainder when r(-1) is divided by 23.
20
Suppose -u + 3*u - 2*b - 26 = 0, b = 5*u - 81. What is the remainder when 29 is divided by u?
12
Suppose g - 33 = 4*x, -4 = 4*x + 8. Suppose 0 = 3*y - 12, 3*o - y - 3*y - 8 = 0. Calculate the remainder when g is divided by o.
5
Calculate the remainder when (-2 + 1*-11)*(-18 + 13) is divided by 33.
32
Suppose -2*m = 4*g + 2*m - 112, -4*m + 43 = g. What is the remainder when g is divided by 8?
7
Let j = 46 + -41. What is the remainder when 67 is divided by j?
2
Suppose -6 - 4 = -5*r. Suppose 44 = 5*g - 2*p, -r*g + 2*p - 12 = -4*g. Let o(j) = 4*j**2 - 2*j - 1. What is the remainder when g is divided by o(-1)?
3
Let a = -11 + 36. Let o be 1/1*(-16)/(-4). Calculate the remainder when a is divided by 54/o + (-1)/2.
12
Suppose -4*j - j - 15 = -5*k, 0 = k + 5*j + 3. Calculate the remainder when 26 - (3 - 2)*k is divided by 9.
6
What is the remainder when (-44)/(-16)*5/(15/12) is divided by ((-28)/(-16))/((-1)/(-4))?
4
Suppose -5 = -5*v, 2*p = -3*v - 25 - 40. Let t = -19 - p. Let j = 84 - 55. What is the remainder when j is divided by t?
14
Suppose -438 + 1170 = 4*o. What is the remainder when o is divided by 62?
59
Suppose 3*x + 1 = 7. Suppose -4*q - 23 = -u, 6*u - 27 = x*u + 3*q. Suppose 2*d + 2 = 3*f, -2*d + f + u + 3 = 0. What is the remainder when 13 is divided by d?
3
Suppose -5*m + 50 = -a, 4*m - 4*a - 13 = m. Let f = m - 9. What is the remainder when f is divided by 2?
0
Let z(u) = u - 1. Let c be z(6). Let a = 13 - c. Calculate the remainder when 22 is divided by a.
6
Let u = 5 - 0. Suppose 19 = v - 5*z, -2*v = 3*v + u*z - 125. What is the remainder when v is divided by 9?
6
Let l = 28 + -21. Suppose -3*o = -l*o + 68. What is the remainder when o is divided by 6?
5
Let u(q) = -q - 4. Let i be u(4). Let p = 1 - i. Calculate the remainder when 22 is divided by p.
4
What is the remainder when 12/4 + -6 - -22 is divided by 12?
7
Suppose 108 - 378 = 5*h. What is the remainder when h/4*(-2 + 0) is divided by 